2*x**2 - 144*x - 2182. Calculate y(-50).
18
Let c(t) = -902*t + 5241. Give c(6).
-171
Let i(x) = 2175*x - 282404. What is i(130)?
346
Let v(h) = h**3 - 8*h**2 + 158*h - 1075. What is v(7)?
-18
Let c(l) = -315*l - 2851. Determine c(-8).
-331
Let n(p) = 1621*p - 71464. Determine n(44).
-140
Let z(x) = 163*x - 3483. Determine z(10).
-1853
Let x(a) = 2*a**2 - 97*a - 2130. Determine x(65).
15
Let o(y) = 89*y**2 - 141*y - 5. Determine o(2).
69
Let l(i) = 29*i**2 + 18388*i - 54148. What is l(-637)?
-3
Let k(m) = 59*m**3 + 15*m**2 + 44*m + 58. What is k(-4)?
-3654
Let i(o) = o**3 - 347*o**2 - 3504*o + 670. Determine i(-10).
10
Let v(o) = 693*o - 600133. Calculate v(866).
5
Let z(u) = 137*u + 1464. Give z(-9).
231
Let b(l) = -17*l**3 - 8*l**2 + 26*l - 65. Calculate b(-5).
1730
Let k(c) = -494365*c - 6921097. Give k(-14).
13
Let z(i) = -4310*i - 77585. Calculate z(-18).
-5
Let u(q) = 55*q**2 - 609*q + 1294. Give u(8).
-58
Let f(h) = -156*h + 4259. Give f(27).
47
Let j(x) = x**3 + 202*x**2 + 9043*x - 117. What is j(-135)?
153
Let p(i) = -6*i**2 + 848*i + 29630. Give p(-29).
-8
Let b(z) = z**2 + 655683*z + 6556727. Calculate b(-10).
-3
Let a(i) = i**3 + 7*i**2 - 29*i - 283. Give a(-8).
-115
Let b(y) = -7809*y + 265500. What is b(34)?
-6
Let l(p) = -1785*p + 53949. Calculate l(32).
-3171
Let b(h) = -542*h + 85233. What is b(157)?
139
Let p(q) = -25315*q - 5670563. Determine p(-224).
-3
Let g(p) = 129*p**2 + 2949*p - 185. What is g(-23)?
229
Let a(p) = p**3 + 49*p**2 - 56*p + 64. Give a(-50).
364
Let w(i) = -2231*i + 12785. Determine w(6).
-601
Let u(p) = 6439*p - 212676. What is u(33)?
-189
Let h(c) = -4*c**3 + 590*c**2 - 906*c + 3600. Determine h(146).
-780
Let n(b) = 601335*b - 4209361. What is n(7)?
-16
Let t(q) = 96*q**2 + 5082*q + 887. What is t(-53)?
1205
Let f(t) = -5*t**2 - 388*t - 1064. What is f(-75)?
-89
Let x(b) = 123*b - 43284. Calculate x(352).
12
Let r(c) = 4*c**3 + 6*c**2 - 7*c - 700. Give r(0).
-700
Let y(n) = n**3 - 8*n**2 + 46*n - 1008. Calculate y(15).
1257
Let z(r) = 4*r**2 + 4640*r - 55866. Give z(12).
390
Let u(m) = 4*m**3 - 1002*m**2 + 499*m - 132. Give u(250).
-382
Let s(y) = -3795*y + 151845. Calculate s(40).
45
Let w(a) = 361*a + 24945. What is w(-69)?
36
Let m(d) = -1077*d - 121725. Calculate m(-113).
-24
Let r(y) = -7*y**2 - 596*y + 1225. What is r(2)?
5
Let z(q) = 3938870*q - 15755464. Give z(4).
16
Let h(f) = 2*f**3 - 15*f**2 - 56*f - 26. Give h(10).
-86
Let a(i) = -i**3 + 45*i**2 - 3*i + 70. Determine a(45).
-65
Let w(c) = -622*c - 48392. Give w(-77).
-498
Let w(v) = -343*v + 27125. Determine w(80).
-315
Let g(a) = -a**3 + 21*a**2 + 2736*a - 705. Determine g(-43).
-17
Let t(k) = -2*k**2 - 8383*k + 109071. What is t(13)?
-246
Let o(q) = -2*q**3 - 274*q**2 - 785*q + 1206. Calculate o(-134).
-1340
Let m(a) = a**3 + 1165*a**2 + 4719*a + 87083. What is m(-1161)?
8
Let h(a) = 5*a**2 + 81*a - 5. Give h(-9).
-329
Let x(j) = j**3 - 655*j**2 + 13329*j - 117. Determine x(21).
198
Let i(t) = -3715*t + 100228. Give i(27).
-77
Let u(h) = -h**3 - 89*h**2 + 2326*h - 66. Determine u(21).
270
Let t(j) = j**2 + 1481*j + 138253. Give t(-100).
153
Let q(t) = 484*t**2 - 37025*t + 18310. Calculate q(76).
-6
Let v(t) = 96406*t + 1060458. Calculate v(-11).
-8
Let w(x) = -3*x**3 - 13*x**2 + 12*x - 111. Determine w(5).
-751
Let v(w) = -2*w**3 + 15*w**2 + 1572*w + 1559. What is v(-1)?
4
Let b(a) = a**2 + 796*a + 1577. What is b(-2)?
-11
Let k(d) = -d**3 + 7*d**2 - 510*d + 4192. Give k(8).
48
Let u(t) = -t**3 - 36*t**2 - 84*t + 149. Calculate u(-34).
693
Let x(a) = -2*a**2 + 1304*a - 33740. What is x(27)?
10
Let k(p) = -p**2 - 3392*p + 388627. Calculate k(111).
-206
Let h(r) = 4255*r + 369994. Calculate h(-87).
-191
Let s(z) = -z**3 + 3*z**2 - 558*z - 1. What is s(0)?
-1
Let h(r) = -382*r + 458. What is h(1)?
76
Let z(v) = 4*v**3 - 607*v**2 + 6076*v - 294. What is z(141)?
1539
Let c(n) = -15371*n - 76712. What is c(-5)?
143
Let v(p) = -65*p - 544. Give v(-26).
1146
Let i(r) = 95683*r - 382318. Calculate i(4).
414
Let u(v) = -53527*v + 4014575. What is u(75)?
50
Let s(k) = 1755400*k + 7021598. Calculate s(-4).
-2
Let m(y) = 6*y**2 - 796*y + 2991. Calculate m(4).
-97
Let z(r) = 73*r - 2178. Calculate z(27).
-207
Let z(c) = 946*c + 35677. What is z(-38)?
-271
Let s(c) = -2*c**3 + 65*c**2 - 20*c - 151. What is s(32)?
233
Let l(v) = -v**3 - 8*v**2 - 2488*v - 27757. What is l(-11)?
-26
Let p(x) = -274010*x - 547962. Calculate p(-2).
58
Let l(j) = 87420*j + 1835805. Calculate l(-21).
-15
Let d(v) = 5210*v - 15592. Calculate d(3).
38
Let z(h) = -7318*h + 629322. Calculate z(86).
-26
Let c(j) = 7831*j + 1190307. What is c(-152)?
-5
Let f(x) = 3*x**2 - 1258*x + 60111. Calculate f(55).
-4
Let i(h) = 2*h**3 - 200*h**2 - 29321*h + 89. Determine i(-81).
8
Let n(d) = -2*d**3 - 9*d**2 + 247*d + 1319. Determine n(-6).
-55
Let u(z) = 3*z**2 + 238*z - 683. Determine u(-81).
-278
Let k(q) = 5*q**3 - 3*q**2 + 30*q + 110. Calculate k(-5).
-740
Let i(r) = -98*r**2 - 20*r + 84. Calculate i(0).
84
Let w(d) = 24*d**2 - 252*d + 257. Calculate w(1).
29
Let s(h) = h**3 - 324*h**2 - 12473*h + 3141. Calculate s(-35).
-79
Let k(q) = -2*q**3 - 33*q**2 - 1382*q + 14193. Give k(8).
1
Let h(r) = -647*r**2 + 56937*r - 87. Give h(88).
1
Let l(u) = -u**2 - 184*u + 2753. Give l(14).
-19
Let b(t) = 2*t**2 + 44*t - 64. Give b(-22).
-64
Let j(n) = -492*n + 31453. Determine j(64).
-35
Let p(o) = -2*o**3 + 440*o**2 - 2471*o - 20689. Give p(214).
69
Let y(x) = 65*x - 75. Give y(-17).
-1180
Let f(o) = 952*o + 4380. Give f(-7).
-2284
Let f(t) = 40*t**2 + 72240*t - 72242. What is f(1)?
38
Let p(w) = 5*w**2 - 63*w + 158. Give p(7).
-38
Let d(q) = 3419*q - 20507. Determine d(6).
7
Let p(n) = -485*n - 122289. Give p(-248).
-2009
Let m(r) = 10773*r**2 + 452465*r + 111. Calculate m(-42).
153
Let b(h) = -8*h**2 + 360*h + 4611. Calculate b(-13).
-1421
Let m(b) = b**3 - 78*b**2 - 48*b - 2549. Give m(79).
-100
Let y(n) = n**3 + 27*n**2 + 227*n + 2051. Determine y(-21).
-70
Let v(o) = o**2 + 14*o + 312. Give v(40).
2472
Let v(m) = 1287*m - 55430. Calculate v(43).
-89
Let t(y) = -1258*y - 392476. Calculate t(-312).
20
Let r(j) = 6*j**3 - 1705*j**2 + 1978*j + 852. Determine r(283).
3
Let k(d) = 3*d**2 + 542*d - 869. Calculate k(-182).
-141
Let f(m) = -m**3 + 50*m**2 - 519*m - 7. What is f(36)?
-547
Let q(m) = -60*m**2 - 3960*m - 1. Calculate q(-66).
-1
Let o(c) = 6*c**3 + 528*c**2 - 20*c - 150. Calculate o(-88).
1610
Let s(y) = -2350*y + 44643. What is s(19)?
-7
Let z(w) = -w**3 + 3*w**2 + 483*w - 36. Give z(-20).
-496
Let j(g) = 7464*g + 171548. Calculate j(-23).
-124
Let c(m) = 245*m**2 - 1421*m - 109. Give c(6).
185
Let d(r) = -4162*r**2 + 16665*r - 26. Give d(4).
42
Let s(p) = -p**2 + 25180*p + 251897. Calculate s(-10).
-3
Let u(x) = -x**2 - 76821*x - 1075292. What is u(-14)?
6
Let v(l) = 750710*l + 2252121. Give v(-3).
-9
Let t(y) = -74*y**2 + 1266*y + 7941. What is t(22)?
-23
Let r(n) = 2*n**2 - 122*n + 943. Calculate r(8).
95
Let u(k) = 6*k**3 + 220*k**2 + 515*k - 488. Calculate u(-34).
498
Let o(m) = 59*m**3 + 71*m**2 - 143*m - 1. Give o(2).
469
Let l(z) = 40*z + 3872. Give l(-95).
72
Let w(r) = -154780*r + 1083456. Determine w(7).
-4
Let p(g) = -161*g + 3439. Determine p(18).
541
Let h(l) = 213*l**2 - 4*l + 121. Give h(-3).
2050
Let u(s) = 157*s**2 + 988*s + 257. Calculate u(-6).
-19
Let m(h) = 55860*h - 113954399. What is m(2040)?
1
Let z(o) = -o**3 - 50*o**2 + 46*o - 3010. Determine z(-52).
6
Let i(l) = 79084*l + 1107179. What is i(-14)?
3
Let u(c) = -2*c**3 + 4*c**2 - 312*c + 1385. Give u(4).
73
Let m(g) = 37*g**2 + 82*g - 559. Calculate m(3).
20
Let i(j) = -j**3 + 13*j**2 - 10366*j + 103374. Give i(10).
14
Let j(n) = -21409*n + 321214. What is j(15)?
79
Let k(g) = -g**3 + 336*g**2 - g + 36. Calculate k(0).
36
Let d(s) = -s**3 + 8*s**2 - 2825*s + 16926. Give d(6).
48
Let c(t) = 37*t**2 + 994*t + 6. Give c(-27).
141
Let z(m) = m**2 - 515*m - 55840. Give z(-92).
4
Let c(m) = 5*m**2 + 309*m + 4874. Calculate c(-14).
1528
Let h(k) = 17*k**3 + 4*k - 5. Give h(2).
139
Let s(w) = 85*w + 8744. What is s(-103)?
-11
Let k(m) = -3086*m + 129609. Determine k(42).
-3
Let j(u) = 36*u**3 + 392*u**2 - 7*u + 207. Calculate j(-11).
-200
Let j(w) = -3*w**3 - 27*w**2 - 174*w - 1810. Give j(-11).
830
Let j(l) = l**2 